 -131 + 131. Suppose -942 = -j - m*j. What are the prime factors of (5/10)/(3/j)?
157
Suppose -54 = -3*z + 75. Let v = z + 123. List the prime factors of v.
2, 83
Suppose -5*n - 5 + 20 = 0. Suppose 4*h - n*p - 244 = 3*h, -h - 5*p = -284. Suppose 2*y - h = -1. List the prime factors of y.
3, 43
Suppose 2*x + 0*x - 10 = 0. Suppose 2*g - x = -g - 4*u, 0 = 5*g + u - 14. Suppose g*t = t + 142. What are the prime factors of t?
71
Let p be (-1 + 34/(-6))*3*1. What are the prime factors of (-2)/8 - 6205/p?
2, 5, 31
Suppose 5*u = -3*i - 66, i = -2*u + u - 22. Let a be ((-4)/(-22) + (-84)/i)*2. List the prime factors of 1/((32/300)/a).
3, 5
Let t(d) be the third derivative of 1/24*d**4 + 0 + 0*d + 1/5*d**5 + 0*d**3 + 10*d**2. What are the prime factors of t(1)?
13
Let r(y) = 4*y + 4 + 3*y - 6*y**2 + 368*y**3 - y - 311*y**3. List the prime factors of r(3).
11, 137
Let c(k) = 193*k**2 - 2*k + 2. Let x be (-22)/((21/(-6))/7*2). Suppose -14*d + x*d = 8. List the prime factors of c(d).
193
Let m = -79 + 85. Suppose 5*l - 323 = 4*v, -2*l + v - m*v = -116. What are the prime factors of l?
3, 7
Suppose 0*o = 7*o + 133. Let s be (o + 17)*105/(-2). Let y = -83 + s. List the prime factors of y.
2, 11
Suppose 3*h + 791 = u, -u + 626 + 201 = 3*h. What are the prime factors of u?
809
Suppose 0 = -4*n + 2*w - 1006, n + 2*w - 6*w + 262 = 0. Let i = n - -785. Suppose i = 16*l - 249. List the prime factors of l.
7
Suppose 4*o = -3*o + 665. Let v = o - -311. What are the prime factors of v?
2, 7, 29
Let s(k) = -k**3 + 5*k**2 + 16*k - 5. Let w be s(7). Let n = -110 + w. Let o = -9 - n. List the prime factors of o.
2, 23
List the prime factors of (428/(-5) - 3)/(-9*16/2160).
3, 443
Let h = 123 + -69. Let d be (-36)/h - (-11)/(-6)*-2. Suppose -j - 500 = -d*l, -2*l - 2*j - 170 = -3*l. What are the prime factors of l?
2, 83
Let v(k) = -35*k**2 - 10*k + 141. Let f(i) = -12*i**2 - 3*i + 46. Let l(c) = 8*f(c) - 3*v(c). What are the prime factors of l(-9)?
2, 5, 31
Suppose -81*t + 568876 = -4*t. List the prime factors of t.
2, 1847
Suppose 2*k - 415 = p + 2762, 5*k + 4*p = 7923. What are the prime factors of k?
3, 23
List the prime factors of (1251290/(-50) + (-5)/25)*(-2)/3.
2, 43, 97
What are the prime factors of 1 - (-18 + 710832/32)/((-6)/8)?
3, 5, 1973
Suppose -60*h + 475380 = 30*h. What are the prime factors of h?
2, 19, 139
Let n be (-54)/(-12)*(-8)/6. Let v be ((-10)/3)/(4/n)*22. Let g = -11 + v. What are the prime factors of g?
3, 11
Suppose 49613 = 2*j + 5*l, 0 = -4*j + 2*j + 5*l + 49683. List the prime factors of j.
2, 29, 107
Let p(c) = 101 + 114 + 497*c - 237. List the prime factors of p(1).
5, 19
Let j be -1*1*(-4)/12*0. Suppose -3*a + 5*v + 772 - 53 = 0, 3*a + 3*v - 735 = j. What are the prime factors of a?
3
Let w(t) = 3*t**2 - 2*t. Suppose -l = -4*k - k - 28, 3*k + 5*l = 0. Let x be 3/k*(-5 + (-1 - -1)). What are the prime factors of w(x)?
3, 7
Let t(c) = -c**3 + 5*c**2 + 5*c - 16. Let n be t(6). What are the prime factors of (-2)/(-88)*3116 + (-4)/n?
71
Suppose 0 = h + 2*w - 5670, -75*w = -79*w - 8. What are the prime factors of h?
2, 2837
Let o(c) = -3*c + 1 + 37*c**3 - 5 - 36*c**3 + 3*c**2. Let r be o(-3). Suppose 2*w - 2*x = 220, -76 = 3*w + r*x - 406. List the prime factors of w.
2, 5, 11
What are the prime factors of 395/158 - 76565/(-2)?
5, 13, 19, 31
Suppose -3*a + 15 = 0, 574 = 3*y - 5*a + 26. Suppose -3*g = -5*o + 227, y = -3*g - o - 3*o. Let s = 19 - g. What are the prime factors of s?
2, 11
Suppose 5*r = -4*c + 8036, 5691 + 775 = 4*r - 3*c. What are the prime factors of r?
2, 13, 31
Suppose 0 = 12*z + 183 + 249. What are the prime factors of 159825/180 + (-3)/z?
2, 3, 37
Suppose -6 = -3*k + 3*w, 6*w = 2*k + 7*w - 19. Suppose -k = -y + 35. What are the prime factors of y?
2, 3, 7
Let g(h) = 9*h**2 - 113*h + 155. List the prime factors of g(62).
5, 31, 179
Let v = 12 - 15. Let l be 935/44 - v/4. Let w(x) = x**3 - 23*x**2 + 24*x + 38. List the prime factors of w(l).
2, 41
Suppose 25*p = 5*p + 240. Let s(r) = 4*r**2 - 15*r - 10. List the prime factors of s(p).
2, 193
Suppose 12*w = 10*w - 5*g + 47176, -g + 117986 = 5*w. List the prime factors of w.
2, 3, 19, 23
Let w be -1 + -42 + 5 - 3. Let d = 400 + w. List the prime factors of d.
359
Suppose 4*g = 5*s - 27, 9 = -s + 6*s + 2*g. Suppose 0*f - 4*o = -f + 235, -1016 = -4*f - s*o. What are the prime factors of f?
251
Let k(i) = i**2 + 28. Let t be (-2)/(-4)*(-4 + -4). Let y be 6/t*(-2 + 6). List the prime factors of k(y).
2
Let l be (-7)/28 + 0 + (-1091)/4. Let m = 828 + l. What are the prime factors of m?
3, 5, 37
Let r(w) = w**2 - 11*w - 150. Let f(u) = -7*u**2 - 14*u - 2. Let c be f(-3). What are the prime factors of r(c)?
2, 79
Let q(v) = -3 - 16*v**2 - 8*v - v**3 + 25*v**2 - 15*v**2. Let j be q(-3). List the prime factors of 9/j*(2 - 46).
2, 3, 11
Let t(g) be the third derivative of 7*g**4/2 - 43*g**3/3 + 8*g**2 + g. What are the prime factors of t(5)?
2, 167
Let j = 25284 + -22261. What are the prime factors of j?
3023
Let x = -60 + 132. Suppose n + x + 716 = w, n - 3142 = -4*w. What are the prime factors of w?
2, 3, 131
Suppose 3*p = -12, -831 = n - 2*p - 11632. What are the prime factors of n?
43, 251
Suppose 35*t + 15516 = 31*t. List the prime factors of 2*5/(-30)*t.
3, 431
Let m(r) = 51*r + 305. Let y be m(-4). Let o be (-13)/(1 + (-8)/10). Let l = y + o. What are the prime factors of l?
2, 3
Let s(k) = 6*k**2 - 24*k + 2. Let a be s(4). List the prime factors of 1395/((8/a)/4).
3, 5, 31
Suppose 2 = -m + 7, 2*m = 2*v - 42. Suppose -41080 = -v*o - 14*o. List the prime factors of o.
13, 79
Let o = 80 + -77. Suppose -4*d + o*i - 418 = 904, -d - 339 = -5*i. Let c = -184 - d. What are the prime factors of c?
5, 29
Let k = 32 + -29. Suppose -3*x = 3*l + 33, -l = 3*l + k*x + 39. List the prime factors of (2 - 1)/(3/l) + 76.
2, 37
Suppose -x = 3*h + 4*x + 6, 0 = -x - 3. Suppose 0 = 2*c - 6, q + 3*c - h = 3*q. Suppose -7*k + 364 = -q*k. What are the prime factors of k?
7, 13
Let v = -3754 - -3753. Suppose -o = -5*j + 4*o + 45, 5 = -o. List the prime factors of (4 + j + v)*7.
7
Let p(n) = 137*n**2 - 1426*n + 11. List the prime factors of p(19).
2, 3, 11, 113
Let m(n) = -n**3 - 12*n**2 - 11*n + 5. Let a be m(-11). Suppose 0*x + a*x = 4*u + 63, -4*x = -3*u - 48. What are the prime factors of 9/u + 238/8?
29
Suppose -14*t + 21 = -35. Suppose 3*l = -s + 7*l + 411, 2*l = -t*s + 1554. List the prime factors of s.
17, 23
What are the prime factors of (-12)/10 + (-21610)/(-50)?
431
Let s = 658 + 2802. List the prime factors of s.
2, 5, 173
Suppose 2*m + 1998 = -4*l - 248, 1127 = -2*l + 3*m. Let h be (-3)/(-1) - (5 + -4 + l). Suppose 4*k + 2*k - h = 0. What are the prime factors of k?
2, 47
Suppose 3*a - 2*p - 51068 = 3*p, -5*p + 17016 = a. What are the prime factors of a?
17021
Let o = 108 + -20. Let z = o + 242. List the prime factors of z.
2, 3, 5, 11
Let k = 2497 + -632. What are the prime factors of k?
5, 373
Let r be 147/63 - 18/(-27). Suppose 2*u = 3*u - 5. Suppose b = -0*b - u, r*x + 2*b = 185. List the prime factors of x.
5, 13
Suppose 4*k + 399*c - 350576 = 395*c, -2*c - 525928 = -6*k. List the prime factors of k.
2, 17, 1289
Let u be 0*((-12)/(-9))/(-4). Suppose u*i - i = -393. What are the prime factors of i?
3, 131
What are the prime factors of (5 - 0)/((-3)/(-1698))?
2, 5, 283
Suppose -318*v = -328*v + 94603 + 68507. What are the prime factors of v?
3, 5437
Let i(r) be the first derivative of -r**4/2 + 5*r**3/3 - 3*r**2/2 + 2*r + 191. What are the prime factors of i(-8)?
2, 5, 137
Suppose -3326 = 23*p - 24233. What are the prime factors of p?
3, 101
Let o = -508 + 516. What are the prime factors of -4 - -6 - o - -1087?
23, 47
Let k(w) = -20 - 6 + 92*w**2 + 4 - 8*w. What are the prime factors of k(-3)?
2, 5, 83
Let w(x) = x**2 + 5*x + 139. Suppose -3*o = -5*d - 5, -o + 4*o - 2*d - 2 = 0. What are the prime factors of w(o)?
139
List the prime factors of ((-2)/4 - (-700275)/6)*(-196)/(-294).
2, 3, 1621
Suppose -3*b + 5*o + 76271 = 0, -152572 = -6*b - 14*o + 18*o. List the prime factors of b.
2, 11, 17
Let s = 33 + -49. Let a = s - -674. What are the prime factors of a?
2, 7, 47
Suppose 2*m - 6 = 0, -m - 6 = -4*p - 61. Let j = 29 + p. Let o(f) = f**3 - 15*f**2 - 3*f + 19. What are the prime factors of o